-10 + -5 + 17?
11
What is the value of -4 + (-2 - -2) + -1 - (-246 - -247)?
-6
Calculate 3 - (-14 + 44 + -15).
-12
What is the value of 24 + (8 + -13 - (-2 + 5)) + 4?
20
What is 5 + (9 - (-13 + 19))?
8
What is 10 - (17 - 1) - (-3 + 0 + 2)?
-5
-31 + -9 + -10 - -30
-20
-3 - (3 - 7) - (-12 + 16 + 19)
-22
Calculate -2 - (20 + 3 + -13).
-12
5 + (-7 + 18 - 11) + 7
12
What is (-12 - 5 - -1) + (36 - 33)?
-13
Evaluate (1 - 7) + (597 - 608).
-17
Evaluate -15 - (1 - 6 - ((12 - 6) + -10)).
-14
Evaluate -20 + 8 + 0 + 21.
9
17 + (-4 - -2) - (-886 + 870)
31
Calculate 158 - 160 - (-2 + 2 - -1 - 24).
21
Evaluate -2 - (0 - (8 - 0 - 2) - -12).
-8
Evaluate (-14 - (-5 - -3)) + 4.
-8
What is 17 - (12 + 24 - 18 - 2)?
1
24 - (-4 - -23 - -9)
-4
Evaluate (-4 + 1 - ((-22 - 0) + 10)) + -9.
0
What is (0 - 0) + 15 + -11 + (5 - 6)?
3
-6 + 8 + -6 - ((-21 - -37) + -2)
-18
Evaluate -28 + 24 + -11 + -5 + 6.
-14
What is 73 + (48 - 83) + -31?
7
Evaluate -6 + 23 + (-1 - (1 + 3)).
12
What is -10 - (8 + -1 - -22) - -14?
-25
34 - (-1 - -10 - (-150 - -144))
19
What is -24 + (-5 - -16) + -5 + -3 + 0?
-21
What is the value of (-3 - (0 - -8)) + (-17 - (-6 + -6))?
-16
What is the value of (2 - (-5 - (3 + -4))) + (-8 - 8)?
-10
What is the value of (-12 - (-1 - 16)) + 3 + (-1 - -4)?
11
Calculate 11 + -38 + 26 + 38.
37
-8 - 1 - (-5 - -7 - (0 + 0))
-11
What is the value of -19 + 5 + (15 - 3) - -10?
8
What is the value of -18 + (-15 + 12 - (-7 + -3))?
-11
Evaluate 6 + -2 + 5 - (0 - -1).
8
What is the value of -16 + 25 + -12 - -40?
37
12 - (12 - (-1 - 11))
-12
4 + -5 + -13 + 9
-5
(41 - 48 - (-8 + 1)) + 4
4
Calculate (-14 - 3) + -39 + 50.
-6
Calculate (-28 - -18) + -7 + 2 + 4 - -3.
-8
What is the value of -25 + 20 + -11 + 7 + (1 - 20)?
-28
What is the value of -142 + 124 - (-19 + 0)?
1
Evaluate -12 + 13 - (10 + -7 + 1 - -4).
-7
Calculate -7 - -21 - (36 - 27).
5
3 - (7 - (6 + -7))
-5
What is the value of -1 - (19 - 3) - (-3 + 8 + -8)?
-14
Calculate (-5 - (-13 + -1)) + 1.
10
What is 10 + (-18 + (-39 - -18) - (-2 + -1))?
-26
Evaluate (79 - 69) + (1 - 2) + (-1 - -1).
9
What is the value of -3 + (6 - (-16 - (-14 + 9)))?
14
Calculate 30 + -5 + 65 + -93.
-3
Evaluate 2 + (-16 + 16 - -4 - (15 - 1)).
-8
Calculate (-1369 - -1339) + (2 + -1 - -18).
-11
What is 6 + 2 + -14 + 18 + -5?
7
Calculate 0 - 16 - (11 + (8 - 23)).
-12
What is the value of -2 + (8 - -2) + 366 + -367?
7
What is the value of 6 + -6 + -7 - (-9 + -4)?
6
Evaluate -6 + -1 + 2 + -1 + 8.
2
Evaluate 27 + (-56 - (25 + -36)).
-18
(28 - 25) + (10 - 2 - 1)
10
Calculate 9 - 12 - (-1 - (-3 - 9)).
-14
4 - 3 - (1 + -8 - (-27 + 32))
13
Calculate 0 + -2 + 3 + 13.
14
Calculate 37 + -36 + 19 + -29.
-9
Evaluate 14 + -2 - 0 - (-3 + -14 + 13).
16
22 - 26 - (15 + -20)
1
Calculate -39 - -42 - (4 - (8 + -4)).
3
Evaluate -59 - (-51 + 0 + 20).
-28
Calculate (13 + 0 - 11) + 4 + -2.
4
Evaluate 10 + 12 + -36 - 2.
-16
What is the value of 2 + (-4 - -15) + -16 - (15 - 0)?
-18
5 + -25 - -4 - (-8 - (-10 + 2))
-16
Evaluate 23 - -3 - 44 - -18.
0
Calculate 23 + -15 - (-6 - -17) - (-4 + 4).
-3
3 + -22 - (-142 - -118)
5
Calculate 3 + -8 - ((1 - -6) + -18).
6
What is (7 - (-23 - -49)) + 21?
2
(-3 - (48 + -13)) + 4 + -1
-35
Evaluate -3 + -33 + (17 - -9).
-10
-1 + -7 - (10 + -9) - -5
-4
What is the value of -1 - (-1 - (-5 + 1 + 9 + 22))?
27
Calculate 8 - (-4 + 21 + -9).
0
Calculate (-3 - -12 - (-6 - -1 - -9)) + 1.
6
-1 + 1 + -2 + 1 + 98 + -95
2
Calculate -6 + (-5 - -11 - -11) - -3.
14
Calculate (-4 - -16) + (-24 - -16) + 4.
8
(-27 - (13 - 24)) + 13
-3
Evaluate -44 - -48 - -13 - (-9 - -1).
25
What is the value of -4 + -2 + 6 + (-2 - -14)?
12
What is the value of -4 + 8 + -1 + (433 - 431)?
5
What is 10 + (-36 - -53 - (10 + -2) - -9)?
28
Evaluate (13 - 22) + 2 + (-4 - -10).
-1
Calculate -12 + (22 - (2 - 0)).
8
What is the value of -4 + (6 - 2 - (6 - 12))?
6
(7 - 4 - 3 - 0) + -8 + 3
-5
What is the value of -7 - (-6 - (-11 + 8) - (4 + 3))?
3
Calculate -4 - -1 - -8 - ((26 - 17) + -4).
0
Evaluate 15 + -42 + 10 - -30.
13
What is the value of (-21 - -16) + 14 - 10?
-1
What is the value of 20 + 15 + -46 + (-1 - -13)?
1
Calculate (-4 - -1) + 3 + (6 - (-1 + 5)).
2
What is (-17 - -10) + 3 + -1 + -12 + 2?
-15
Evaluate 0 + -10 + (-5 - -6 - -6) + -5.
-8
Evaluate 4 + 12 - (21 + -17).
12
What is -1 + (-7 - -16) - (-4 - -1) - 4?
7
What is the value of -17 - (-30 + (32 - 14))?
-5
What is the value of 227 - 227 - (-2 + 4 - -15)?
-17
Evaluate (-22 - 2) + (188 - 179).
-15
What is the value of (-25 - -2) + 22 - -12?
11
Evaluate 351 + -342 + (1 - 1 - 3).
6
What is -5 + -16 - (101 - 106)?
-16
Evaluate -4 - -12 - -2 - (67 + -61).
4
Evaluate -1 + 4 + -5 + -3 - (2 + 2).
-9
What is (-35 - -46) + (-5 + 0 - 2)?
4
-4 - (2 + -2) - (-20 - -10 - -8)
-2
437 + -434 + 0 + -19
-16
Calculate 5 + -9 + (-3 - (-16 - 2)) + 1.
12
What is 8 + 4 + (29 - 21)?
20
What is the value of 1 + (-3 - ((2 - -4) + 4))?
-12
Evaluate -5 + -5 + (8 - 12) + 1 + 4.
-9
Evaluate -9 + -4 + 3 + 2 - (-47 + 28).
11
What is the value of -2 + -18 + 3 + 30?
13
(142 - 136) + (-1 - 4)
1
What is (-39 - -8) + 9 + 11?
-11
Calculate (-1 + 0 - (10 - 4 - 12)) + 1.
6
What is (3 - 5) + (6 - (-9 + 13))?
0
What is the value of -1 - (0 + -1) - (18 - (35 + -7))?
10
What is -7 + 46 + -24 + -41 + -1?
-27
Evaluate -24 + 59 - 14 - 2.
19
What is 9 - (28 - (60 + -31))?
10
(14 - 4 - 0) + -13 + -2 + 22
17
What is (-12 - -8 - -17) + -16?
-3
Calculate -1553 - -1565 - (21 - (1 - 2)).
-10
-15 - -21 - (-3 - 5)
14
-41 + 2 - (4 + -42)
-1
Calculate -12 + 2 + 10 + (-14 - (1 + -3)).
-12
Calculate 8 + -1 - ((14 - (-1 - 4)) + 2).
-14
2 + -4 + 1 - -4
3
Calculate -4 + -35 + 38 + 9.
8
-5 + (-20 - -7) + -6 - -4
-20
What is 70 + -29 + -41 + 13?
13
-5 + -1 + ((0 - -9) + -7 - -9)
5
-20 - 1 - (-748 - -736)
-9
Calculate -1 - 10 - (20 + 12 + -24).
-19
Calculate -15 + (6 + -14 + -1 - -44).
20
What is -20 + 9 + (-7 - -27)?
9
Calculate 8 - (-1 + (7 - 8)) - -2.
12
102 - (13 - -62) - (-11 - (1 + 0))
39
Evaluate 4 + 0 + -2 + 1 + 144 + -135.
12
What is -117 + 133 - (14 - -1)?
1
What is the value of (-2 - (-7 - -11)) + 12 - -2?
8
Calculate 3 - 18 - (-33 + 27 + -6).
-3
What is 13 - ((14 - 8 - 21) + 37)?
-9
Calculate 49 + -9 - (23 + 1).
16
What is (-1 - -9 - (-36 - -51)) + 8 + 1?
2
What is 9 - (15 + 1) - (4 + -5 - 11)?
5
Calculate -1 - 14 - (43 - 101 - -48).
-5
What is (-152 - -157) + (0 - -11) - 2?
14
Evaluate -431 + 436 + (-8 - 0).
-3
What is the value of -7 + (3 - (7 + -13 + 8))?
-6
-1 + -9 + (20 - 15) + 2
-3
Evaluate 4 + 41 + (-11 - 13).
21
What is the value of (1 + (-3 - -2) - -11) + -810 + 801?
2
Calculate 2 - (14 + 0) - (-5133 + 5114).
7
What is -954 + 926 + (-2 + 1 - (0 - 13))?
-16
What is the value of 15 + -27 + (32 - 14) + 9 + -1?
14
What is the value of (-1 - 1) + (-10 - (12 + -21)) + 6?
3
-67 - (-23 + -26) - (-6 - (1 - 2))
-13
What is -9 - -7 - (3 - (-2 - (5 + -2)))?
-10
Calculate 12 + (6 - (3 + 4)) + 6.
17
1 + 2 + (235 - 251)
-13
Evaluate -11 + -161 + 153 + (3 + 0 - -22).
6
What is -23 - -23 - (2 - 1 - (2 + 0))?
1
What is the value of 23 + 9 - 14 - (3 + -4)?
19
Calculate (1 - -3) + -58 + 44.
-10
5 + -16 + 4 + (5 - 4)
-6
What is the value of 563 + -554 - (-1 - (1 + -1))?
10
-4 + 0 + -3 + (11 - (4 + 1))
-1
5 + -14 + 27 - 33
-15
Calculate -9 + -3 + -436 + 424.
-24
What is 20 + -18 + (-1 - 3)?
-2
What is the value of -43 + (-4 - -34) + -1?
-14
What is 26 - (1293 + -1299 - (-1 + 0 + -7))?
24
What is the value of -29 + 13 + (19 - 9) - -16?
10
What is the value of (-18 - -10 - -18) + (-5 - 8)?
-3
What is 0 - 0 - (25 - (8 + 16))?
-1
Evaluate 11 + (-27 - -3 - -25).
12
Calculate 10 - 0 - ((-11 - -4 - -6) + -1).
12
Calculate 0 - (-2 - (-2 - -3)) - (-8 + 4).
7
Calculate -6 + (-1 - -2 - (8 - 0)).
-13
Evaluate -5 - ((-9 - 1) + 3 + 1 + -7).
8
What is the value of 112 - 74 - (1 - (2 + -9))?
30
Calculate 27 - (-4 - -11 - (11 + -18 - -6)).
19
Evaluate -13 + 3 + 57 + -45.
2
Evaluate 15 + -3 + 5 + -5.
12
What is 0 + 2 - (9 - (9 - 7 - 5))?
-10
Evaluate -1 + (35 - 5) + -7 + (14 - 19).
17
Evaluate -1 + (-7 - -1) + 5 - -19.
17
What is the value of 18 + (-19 - -7) + (1 - 0 - 15)?
-8
Calculate 2 - 1 - (0 - 4 - 5).
10
Calculate -16 - -21 - (3 + (-1 - (1 - 1))).
3
Calculate (5 - 2) + (-10 + 9 - -17 - 3).
16
(25 - -14) + -6 - 10
23
Evaluate (-6 + 28 - 16) + 10 + -2.
14
What is (16 + -19 - -7) + (-12 - 0)?
-8
Calcul